. Let x be s(-17). Let q(i) = i + 6. Give q(x).
6
Suppose -3*z = -2*h - 15, -h - 5*z = -3*z - 10. Let l(v) = -v**2 + v. What is l(h)?
0
Let o be -2*-2*(-1)/(-4). Let k be -8*(-3)/6*o. Let d(a) = a**2 - 2*a - 4. Calculate d(k).
4
Let l(b) = -b - 4. Suppose -5*z - 5*a - 45 = 0, 20 = -2*z - 0*z - 3*a. Let h be l(z). Suppose -10 = h*j - 4. Let g(n) = 4*n + 2. Calculate g(j).
-6
Let y(k) = 0*k - 1 - k + 8. Let f be 1*(-4 + 0) - -3. Let s = 2 - f. Calculate y(s).
4
Let n(f) = 22*f**2 - 20*f + 8. Let y(z) = 9*z**2 - 8*z + 3. Let p(k) = 5*n(k) - 12*y(k). Determine p(3).
10
Let x = -1 + 4. Let p be 8/(-4) + (2 - -2). Let d(g) = -3 - p - 3*g - 1 + 4*g. Determine d(x).
-3
Let c(s) = -s**3 + s - 1. Suppose 0 = -2*v + 2, 0*b + 3*b = 2*v + 148. Suppose l = 6*l - b. Let n(j) = j**3 - 9*j**2 - 11*j + 10. Let m be n(l). Calculate c(m).
-1
Let c = 0 + 45. Suppose -4*x - 41 = 5*w, 0 = 5*w - 0*x + 5*x + c. Let j(y) = -y - 12. Give j(w).
-7
Let a be (-3)/6 + (-2)/(-4). Suppose a = -2*g + 3 - 15. Let m(z) = z**2 + 5*z - 2. Give m(g).
4
Suppose 3*s + 4*k - 23 = 6*s, 0 = -2*s + 4*k - 14. Let l be 6/s + (-5)/(-3). Let a(n) = -9*n**3 + 1 - 3*n**2 + 3*n**3 + n**2. Give a(l).
-7
Let r(z) be the third derivative of 5/6*z**3 + 1/60*z**5 - 1/4*z**4 + 4*z**2 + 0 + 0*z. Give r(5).
0
Let m(f) = 2*f + 6. Let s be ((-9)/6)/((-1)/(-4)). Let c be ((-20)/(-15))/(1/s). Let u(o) = 5*o + 17. Let l(d) = c*m(d) + 3*u(d). Calculate l(3).
0
Let h(q) = q**3 + q**2 - 5. Let f = 17 + -17. Give h(f).
-5
Let r(c) = -c**2 + c + 4. Let t(g) = 4*g**2 - 4*g - 21. Let q(v) = -11*r(v) - 2*t(v). What is q(3)?
16
Let w(j) = j + 8. Let v(o) = 1. Let b(i) = -4*v(i) + w(i). What is b(-3)?
1
Let v(w) = 4*w + 1. Let g be 2*(-2)/(-12)*-9. Let n be 1 + (g - (0 + 0)). Calculate v(n).
-7
Let y(p) = -p**2 - 11*p + 27. Let u be y(-13). Let m(l) = 12*l - 1. Determine m(u).
11
Suppose -20 = -4*y - y. Suppose -y*i + 0*i = 0. Let a(z) = z**2 + z + 6. Determine a(i).
6
Let j(v) = -v**2 - v. Let k(t) = -6*t**2 - 15*t - 2. Let y(u) = 5*j(u) - k(u). Give y(-9).
-7
Let k(z) = -z**3 + 4*z**2 + 6*z. Let c be k(5). Let j(x) = c*x**2 - 1 - 2*x + 7*x**3 - 4*x**3 - 4*x**3 - 2*x. Let v = 7 + -4. Give j(v).
5
Let w(x) = 5*x**2 - 3*x - 11. Let z(u) = -4*u**2 + 3*u + 10. Let b(j) = -5*w(j) - 6*z(j). Let i(y) = -y**2 - 9*y - 4. Let q be i(-9). Calculate b(q).
-9
Let q(t) = 1. Suppose 5*m - b = 2*b + 8, 0 = -2*b - 2. Let h(k) = k + 3. Let y(n) = m*h(n) - 4*q(n). Calculate y(1).
0
Let g(x) = 3*x - 2. Let i(z) = z. Let b(h) = -g(h) + 2*i(h). Let m(l) = -l**3 - l**2 + l + 1. Let n be m(-1). Determine b(n).
2
Let n(d) = -d**3 - 6*d**2 - 7*d - 7. Let h be n(-5). Suppose -2*t + 4*a + 46 = 3*t, h*t - 4*a - 34 = 0. Let q(r) = r**3 - 5*r**2 - 4*r - 6. Determine q(t).
6
Let y be (4 - 4/(-2)) + -2. Suppose q = -2*t + 2 + y, 0 = -5*t - q + 12. Suppose 4*j - 2 = t. Let d(n) = -4*n + 1. What is d(j)?
-3
Let o be (-1)/(10/(-3) + 3). Let b(n) = -1 - 1 + o + 7*n. Give b(-2).
-13
Let n(x) = -2*x**3 + 2*x - 1. Suppose 9 = d + h, 2*d - h + 2 = 2*h. Suppose -d*v = -2 - 3. What is n(v)?
-1
Suppose -2*w = -0*z + 4*z + 14, 0 = 3*w - 2*z + 21. Let i(v) = -v - 5. Determine i(w).
2
Let z(q) be the first derivative of 2 + 0*q + 2 + 2 + 2*q + q**2. Calculate z(-4).
-6
Let k(x) = -2*x**2 - 5*x - 4. Suppose -9 = -3*q + 3*t, 4*t - 22 - 2 = -5*q. Suppose q = -m + 3*m - 2*p, 2*m - 3*p - 9 = 0. Calculate k(m).
-7
Let k(q) be the third derivative of -q**6/120 + q**5/12 + q**4/4 + q**3/2 - 2*q**2. Let y be 15/25 + (-27)/(-5). Determine k(y).
3
Let g(z) = 6*z**2 - 8*z + 4. Let d(r) = -r**2 + r. Let o(v) = -5*d(v) - g(v). Calculate o(3).
-4
Let s be (3 + 13/(-4))*-4. Let x(h) = s + 0*h + 3*h - 4*h. Determine x(-1).
2
Let j(g) = 5*g**2 + 18*g - 1. Let m(x) = -2*x**2 - 9*x + 1. Let y(k) = -3*j(k) - 7*m(k). What is y(4)?
16
Let o(q) be the third derivative of q**4/12 - 4*q**3/3 + 5*q**2. Let m(t) = -t**2 - t - 1. Let i(s) = -m(s) + o(s). Give i(-5).
3
Let i = 0 - -1. Let f(a) = i + 3 + 4*a - 3*a. Let m = -28 - -31. Determine f(m).
7
Let q(k) = -k**3 - 4*k**2 - 3*k - 5. Let s = -3 + -3. Let t be (8/6)/((-4)/s). Suppose 3*v + 20 = -t*v. Calculate q(v).
7
Let v(h) = h. Let x(t) = -t**2 - 10*t - 8. Let c(g) = 2*v(g) + x(g). Give c(-6).
4
Let v(n) = -9*n + 8 + 15*n**2 - 14*n**2 + 1. Determine v(6).
-9
Let j = -182 - -180. Let u(i) be the second derivative of i**5/20 + i**4/3 + i**3/2 + i**2/2 + 2*i. What is u(j)?
3
Suppose -5*x - 11 = -21. Let b(g) be the third derivative of -g**4/12 + g**3/2 - g**2. What is b(x)?
-1
Let a(r) = 7*r + 8. Let q(f) = -6*f - 7. Let o(x) = -3*a(x) - 4*q(x). Determine o(-5).
-11
Let l(h) = -3*h - 3. Let c be l(-2). Let s(x) = 3*x + 8 + 7*x**3 - 5 - 8*x**c. Calculate s(-2).
5
Suppose -4*k = 2*q - 7*q - 41, 0 = 4*k + q - 11. Suppose -12 = b - k*b. Let h(z) = -b*z + z**3 + 0*z**3 - 11 + 6 - 4*z**2. Give h(5).
0
Suppose -10 = 5*r - 0. Let m(v) = -v**2 + v. Let x(h) = -h**3 - 3*h**2 + h - 3. Let t(g) = r*m(g) + x(g). Determine t(0).
-3
Let q(t) = -t**2 - 3*t - 6. Let s(x) = -2*x**2 - 6*x - 13. Let v be (-1)/(1/2) - 0. Let j(k) = v*s(k) + 5*q(k). Give j(-3).
-4
Let x(a) = a - 9. Suppose -2*h - h = -12. Give x(h).
-5
Suppose 0 = 2*w - 4 - 8. Let p(l) = -2*l**3 - 2*l + 2 - 6*l**2 + 3*l**3 - 1. Calculate p(w).
-11
Suppose -2*y = -19 + 7. Let x(l) = -6*l - 2*l + l**2 + 3 + y. Give x(6).
-3
Let x(u) = -u**3 - 1 + 10*u**2 + 13*u - 18 + 3. Calculate x(11).
6
Let y(l) = -l**2 + 5. Let j(d) = -5*d**2 + 1. Let f(r) = 14*r**2 + r - 2. Let u(s) = -4*f(s) - 11*j(s). Let k be u(-3). Calculate y(k).
5
Let k(r) = -r**2 + 6*r - 4. Let q = -14 - -20. Suppose 3*b - 2*y = -q*y - 2, -8 = 2*b - 4*y. Let m(h) = -3*h - 1. Let d be m(b). Give k(d).
1
Let u = -25 + 41. Suppose 0 = -4*o - 0*o + u. Let v(b) = b**3 - 2*b**2 - 5*b - 3. Give v(o).
9
Let p(l) = -l**3 + l**2 + l + 1. Let y(x) = 3*x**3 - 7*x**2 - 6*x - 8. Let f(q) = -4*p(q) - y(q). Suppose -15*w = -18*w - 9. Calculate f(w).
-2
Let f(x) = 2*x**2 - 3*x**2 - 5 + 3 - 6*x + 2*x**2. What is f(6)?
-2
Let u(s) = 2. Let q(d) = -d + 1. Let w(p) = -2*p + 3. Let t(m) = -13*q(m) + 6*w(m). Let z(j) = -2*t(j) + 7*u(j). Calculate z(3).
-2
Let g(u) = -u**3 - 3*u**2 + u + 2. Let h = 8 - -1. Suppose 4*m = m - h. What is g(m)?
-1
Let y(j) be the second derivative of j**5/20 - j**4/6 - j**3/2 + 2*j**2 - 4*j + 14. Give y(3).
4
Let i(w) = w + 1. Let s be i(-4). Let z(v) = -2*v**2 - 3*v + 5. Let f(x) = -x + 5. Let q be f(6). Let y(k) = 1. Let m(u) = q*z(u) + 2*y(u). Calculate m(s).
6
Suppose -48 = 14*b - 8*b. Let w(y) = -3*y - 12. Calculate w(b).
12
Let q(z) = 7 + 5 - 1 + 2*z. Calculate q(-8).
-5
Let y(l) = 2*l - 6. Suppose 2*q + 2*o = 12, 0 = -4*q + 3*q - 5*o + 10. Give y(q).
4
Let d = -7 + 4. Let q(m) = 2*m**2 + 4*m + 1. Give q(d).
7
Let d(v) = v**3 + 2*v + 1. Let l(t) = -3*t**3 - 7*t - 3. Let p(c) = -7*d(c) - 2*l(c). Let a be ((-2)/(-4))/((-3)/6). Calculate p(a).
0
Let w(g) = -6*g + 2*g**2 - 4 - 5 - g**2. Determine w(7).
-2
Suppose -5*p = -h + 11, 2*p - 2 = 4*p. Let d(i) = -i**3 + 6*i**2 + 2*i - 3. Determine d(h).
9
Suppose -45*r - 5 = -50*r. Let w(s) = 10*s. Give w(r).
10
Let i = 22 + -14. Let u(q) = -i*q + 30 + 0*q - q - 31. Calculate u(1).
-10
Let g(q) be the third derivative of -q**7/2520 + q**6/144 - q**5/60 - q**4/8 - 2*q**2. Let m(o) be the second derivative of g(o). Calculate m(4).
2
Let i(s) = -s**2 + 7*s + 6. Let r be i(7). Let p(u) = 4 - u + r*u + u**2 + 0*u**2. Suppose -4*a - a - h = 28, -4*h = 12. What is p(a)?
4
Let a(s) be the second derivative of s**4/12 + 5*s**3/6 + 3*s**2/2 + 2*s. Determine a(-3).
-3
Let g(t) be the first derivative of t**2 + t + 3. Calculate g(-6).
-11
Let l(k) = -5*k**2 + 1. Let u(y) = -2*y + 3. Suppose 1 - 7 = -2*v. Let b be u(v). Let r = 4 + b. Determine l(r).
-4
Let s(l) be the third derivative of l**3 - 3*l**2 + 0*l + 0 - 1/24*l**4. Let p be s(5). Let i(d) = 8*d**2. What is i(p)?
8
Let r(h) = 5*h + 6. Let m be (-147)/(-18) - (-2)/(-12). Let n = -12 + m. What is r(n)?
-14
Let h(s) = 2*s**3 + 2*s + 9. Let b(a) = a**3 + a + 8. Let t(g) = 3*b(g) - 2*h(g). Calculate t(0).
6
Let i(f) be the first derivative of f**4/2 - f**3 - f**2/2 + 2*f - 7. Determine i(2).
4
Let c(f) be the third derivative of -7*f**6/360 + f**5/120 - f**4/6 + 5*f**2. Let j(b) be the second derivative of c(b). Give j(1).
-13
Let w(i) =